he greatest common divisor of 189 and 9?
9
Calculate the greatest common factor of 19 and 703.
19
Calculate the greatest common divisor of 6137 and 17.
17
What is the highest common divisor of 264 and 600?
24
Calculate the greatest common factor of 361 and 114.
19
What is the greatest common factor of 126 and 217?
7
Calculate the highest common divisor of 121 and 33.
11
What is the highest common divisor of 372 and 48?
12
Calculate the greatest common factor of 24 and 804.
12
What is the highest common factor of 1182 and 6?
6
What is the highest common divisor of 222 and 12?
6
Calculate the highest common divisor of 19710 and 90.
90
Calculate the highest common divisor of 27571 and 158.
79
What is the highest common factor of 432 and 208?
16
Calculate the highest common divisor of 1260 and 1120.
140
What is the greatest common factor of 9854 and 26?
26
What is the highest common factor of 9673 and 34?
17
Calculate the highest common factor of 3 and 552.
3
What is the highest common factor of 12859 and 154?
77
What is the highest common factor of 83 and 83?
83
Calculate the greatest common factor of 231 and 63.
21
What is the highest common divisor of 7 and 189?
7
Calculate the highest common divisor of 28 and 20.
4
Calculate the highest common factor of 5978 and 244.
122
What is the highest common divisor of 14 and 38?
2
Calculate the greatest common factor of 133108 and 428.
428
Calculate the highest common factor of 123 and 1517.
41
Calculate the highest common factor of 10611 and 131.
131
What is the greatest common divisor of 133 and 14?
7
What is the highest common factor of 29 and 29?
29
What is the highest common divisor of 8 and 3832?
8
Calculate the greatest common factor of 513 and 19.
19
What is the highest common factor of 9 and 948?
3
Calculate the highest common divisor of 609 and 21.
21
Calculate the greatest common factor of 11196 and 72.
36
Calculate the greatest common divisor of 5389 and 170.
17
What is the greatest common factor of 36 and 333?
9
Calculate the greatest common factor of 954 and 848.
106
What is the greatest common factor of 67 and 536?
67
What is the greatest common divisor of 2190 and 30?
30
What is the highest common divisor of 12887 and 49?
49
Calculate the greatest common divisor of 20 and 1975.
5
Calculate the highest common factor of 2 and 34.
2
What is the greatest common factor of 63 and 6?
3
Calculate the greatest common factor of 4802 and 28.
14
Calculate the highest common divisor of 192 and 1632.
96
What is the highest common divisor of 9 and 75?
3
What is the highest common factor of 270 and 9?
9
Calculate the greatest common factor of 66 and 495.
33
Calculate the highest common divisor of 78 and 21606.
78
Calculate the highest common factor of 231 and 105.
21
Calculate the greatest common factor of 854 and 56.
14
What is the highest common divisor of 48 and 208?
16
Calculate the greatest common factor of 22 and 55.
11
Calculate the greatest common factor of 323 and 68.
17
Calculate the highest common factor of 2343 and 165.
33
What is the greatest common divisor of 11618 and 222?
74
Calculate the highest common factor of 962 and 39.
13
Calculate the greatest common factor of 265 and 159.
53
Calculate the greatest common factor of 36004 and 4.
4
Calculate the highest common factor of 46 and 3151.
23
Calculate the highest common factor of 425 and 459.
17
What is the greatest common factor of 7360 and 448?
64
Calculate the highest common divisor of 610 and 70.
10
What is the highest common factor of 1924 and 13?
13
Calculate the highest common divisor of 47642 and 83.
83
Calculate the highest common factor of 5 and 45.
5
Calculate the highest common factor of 140 and 5.
5
Calculate the greatest common factor of 372 and 48.
12
Calculate the highest common divisor of 225 and 1050.
75
Calculate the highest common divisor of 2112 and 110.
22
Calculate the highest common factor of 13 and 14.
1
What is the highest common divisor of 2744 and 56?
56
Calculate the highest common factor of 102 and 19839.
51
What is the highest common factor of 52 and 2951?
13
Calculate the greatest common factor of 22 and 44.
22
Calculate the greatest common divisor of 22 and 198.
22
Calculate the highest common divisor of 11581 and 37.
37
What is the highest common divisor of 5 and 5?
5
What is the greatest common divisor of 24 and 492?
12
What is the highest common divisor of 225 and 72?
9
What is the greatest common factor of 1339 and 3296?
103
Calculate the highest common divisor of 60 and 12372.
12
Calculate the highest common divisor of 585 and 25.
5
What is the highest common factor of 13643 and 7?
7
Calculate the greatest common factor of 598 and 46.
46
Calculate the highest common divisor of 74 and 962.
74
What is the greatest common factor of 906 and 30?
6
Calculate the greatest common divisor of 819 and 21.
21
What is the highest common divisor of 195 and 1040?
65
Calculate the highest common factor of 84 and 1372.
28
Calculate the greatest common factor of 4617 and 9.
9
Calculate the greatest common factor of 220 and 132.
44
What is the highest common factor of 19 and 152?
19
Calculate the highest common factor of 2370 and 1140.
30
Calculate the highest common factor of 185 and 148.
37
What is the highest common divisor of 43 and 14749?
43
What is the greatest common divisor of 81 and 9?
9
What is the highest common factor of 330 and 5478?
66
Calculate the highest common divisor of 3498 and 33.
33
What is the greatest common factor of 12 and 222?
6
Calculate the greatest common divisor of 111 and 148.
37
What is the greatest common factor of 228 and 1812?
12
Calculate the highest common factor of 5600 and 84.
28
What is the highest common divisor of 4 and 1882?
2
What is the greatest common factor of 640 and 20?
20
What is the greatest common divisor of 76 and 76?
76
What is the highest common factor of 2336 and 288?
32
What is the highest common factor of 7 and 206?
1
Calculate the greatest common factor of 35 and 595.
35
What is the highest common factor of 10 and 75600?
10
Calculate the greatest common factor of 1651 and 635.
127
What is the greatest common divisor of 17 and 714?
17
Calculate the greatest common divisor of 21 and 588.
21
What is the highest common factor of 14 and 889?
7
Calculate the greatest common factor of 264 and 627.
33
Calculate the highest common factor of 43 and 215.
43
Calculate the highest common divisor of 28 and 434.
14
What is the greatest common divisor of 121 and 451?
11
Calculate the greatest common divisor of 9 and 306.
9
Calculate the greatest common divisor of 11666 and 76.
38
Calculate the highest common divisor of 6 and 906.
6
Calculate the greatest common divisor of 13 and 403.
13
Calculate the greatest common divisor of 399 and 42.
21
Calculate the highest common factor of 60 and 6740.
20
What is the highest common divisor of 5 and 115?
5
Calculate the greatest common factor of 22 and 6.
2
What is the highest common factor of 931 and 175?
7
Calculate the highest common factor of 8985 and 105.
15
Calculate the greatest common divisor of 299 and 39.
13
What is the greatest common factor of 3102 and 1786?
94
Calculate the highest common divisor of 2592 and 1056.
96
What is the highest common divisor of 676 and 39?
13
What is the greatest common divisor of 154 and 209?
11
What is the greatest common factor of 3904 and 61?
61
What is the greatest common divisor of 25808 and 16?
16
What is the greatest common factor of 28 and 32620?
28
What is the greatest common factor of 225 and 360?
45
Calculate the highest common factor of 2 and 142.
2
What is the greatest common divisor of 23280 and 291?
291
Calculate the greatest common factor of 35 and 1484.
7
Calculate the greatest common factor of 10644 and 24.
12
What is the highest common factor of 660 and 360?
60
What is the highest common factor of 493 and 187?
17
What is the highest common factor of 801 and 712?
89
What is the highest common factor of 255 and 21845?
85
What is the highest common factor of 310 and 434?
62
What is the greatest common divisor of 41 and 2?
1
What is the greatest common divisor of 242 and 10769?
121
What is the highest common factor of 83 and 2905?
83
What is the highest common factor of 6 and 8